{"id":473,"date":"2021-08-24T10:16:05","date_gmt":"2021-08-24T14:16:05","guid":{"rendered":"http:\/\/c21access.com.py\/?page_id=473"},"modified":"2021-08-24T11:03:19","modified_gmt":"2021-08-24T15:03:19","slug":"unete-a-nuestro-equipo","status":"publish","type":"page","link":"http:\/\/c21access.com.py\/index.php\/unete-a-nuestro-equipo\/","title":{"rendered":"\u00danete a nuestro equipo"},"content":{"rendered":"\t\t<div data-elementor-type=\"wp-page\" data-elementor-id=\"473\" class=\"elementor elementor-473\" data-elementor-settings=\"[]\">\n\t\t\t\t\t\t\t<div class=\"elementor-section-wrap\">\n\t\t\t\t\t\t\t<section class=\"elementor-section elementor-top-section elementor-element elementor-element-9b9674c elementor-section-boxed elementor-section-height-default elementor-section-height-default\" data-id=\"9b9674c\" data-element_type=\"section\">\n\t\t\t\t\t\t<div class=\"elementor-container elementor-column-gap-default\">\n\t\t\t\t\t<div class=\"elementor-column elementor-col-100 elementor-top-column elementor-element elementor-element-6bf0fd5\" data-id=\"6bf0fd5\" data-element_type=\"column\">\n\t\t\t<div class=\"elementor-widget-wrap\">\n\t\t\t\t\t\t\t\t\t<\/div>\n\t\t<\/div>\n\t\t\t\t\t\t\t<\/div>\n\t\t<\/section>\n\t\t\t\t<section class=\"elementor-section elementor-top-section elementor-element elementor-element-1428149 elementor-section-boxed elementor-section-height-default elementor-section-height-default\" data-id=\"1428149\" data-element_type=\"section\">\n\t\t\t\t\t\t<div class=\"elementor-container elementor-column-gap-default\">\n\t\t\t\t\t<div class=\"elementor-column elementor-col-100 elementor-top-column elementor-element elementor-element-6d9ee4e\" data-id=\"6d9ee4e\" data-element_type=\"column\">\n\t\t\t<div class=\"elementor-widget-wrap elementor-element-populated\">\n\t\t\t\t\t\t\t\t<div class=\"elementor-element elementor-element-45e12f6 elementor-widget elementor-widget-image\" data-id=\"45e12f6\" data-element_type=\"widget\" data-widget_type=\"image.default\">\n\t\t\t\t<div class=\"elementor-widget-container\">\n\t\t\t\t\t\t\t\t\t\t\t\t\t\t\t<img width=\"1234\" height=\"737\" src=\"http:\/\/c21access.com.py\/wp-content\/uploads\/2021\/08\/Web-capture_24-8-2021_103944_century21.com_.py_.jpeg\" class=\"attachment-full size-full\" alt=\"\" loading=\"lazy\" \/>\t\t\t\t\t\t\t\t\t\t\t\t\t\t\t<\/div>\n\t\t\t\t<\/div>\n\t\t\t\t<div class=\"elementor-element elementor-element-4483067 elementor-widget elementor-widget-text-editor\" data-id=\"4483067\" data-element_type=\"widget\" data-widget_type=\"text-editor.default\">\n\t\t\t\t<div class=\"elementor-widget-container\">\n\t\t\t\t\t\t\t<p><strong>\u00danete a nuestro privilegiado equipo de Agentes Inmobiliarios.<\/strong><\/p><p>En CENTURY 21<sup>\u00ae<\/sup>\u00a0nuestros Agentes entienden, al igual que nosotros, que la actividad de los bienes ra\u00edces es un estilo de vida, y no un trabajo. Siempre\u00a0<strong>comprometidos en prestar un servicio eficaz<\/strong>\u00a0que permita ofrecer soluciones inmobiliarias de calidad, garantizando\u00a0<strong>clientes de por vida, y, por qu\u00e9 no, amigos.<\/strong><\/p><p>CENTURY 21<sup>\u00ae<\/sup>\u00a0es el Sistema de Bienes Ra\u00edces m\u00e1s reconocida y exitosa del mundo, con m\u00e1s de 8,000 oficinas y 120,000 Agentes Inmobiliarios presentes en 78 pa\u00edses.<\/p><p>Al escoger CENTURY 21<sup>\u00ae<\/sup>\u00a0para desarrollar su carrera como Agente Inmobiliario, usted contar\u00e1 con\u00a0<strong>ventajas \u00fanicas:<\/strong><\/p><ul><li class=\"odd\">La marca de mayor reconocimiento en bienes ra\u00edces. N\u00ba 1 en Clientes Satisfechos.<\/li><li class=\"even\">Liderazgo en el mercado inmobiliario.<\/li><li class=\"odd\">Capacitaci\u00f3n y entrenamiento permanente.<\/li><li class=\"even\">Excelente infraestructura y tecnolog\u00eda de punta.<\/li><li class=\"odd\">Relaciones interpersonales.<\/li><li class=\"even\">Sistema de premios y reconocimientos.<\/li><li class=\"odd\">Altos ingresos provenientes de comisiones.<\/li><\/ul><p><strong>Si desea obtener m\u00e1s informaci\u00f3n sobre CENTURY 21<sup>\u00ae<\/sup>\u00a0te invitamos a llenar\u00a0el siguiente formulario, y ser\u00e1s contactado por uno de nuestros ejecutivos en el menor tiempo posible.<\/strong><\/p>\t\t\t\t\t\t<\/div>\n\t\t\t\t<\/div>\n\t\t\t\t<div class=\"elementor-element elementor-element-f687b58 elementor-align-center elementor-widget elementor-widget-button\" data-id=\"f687b58\" data-element_type=\"widget\" data-widget_type=\"button.default\">\n\t\t\t\t<div class=\"elementor-widget-container\">\n\t\t\t\t\t<div class=\"elementor-button-wrapper\">\n\t\t\t<a href=\"http:\/\/c21access.com.py\/index.php\/contacto\/\" class=\"elementor-button-link elementor-button elementor-size-md\" role=\"button\">\n\t\t\t\t\t\t<span class=\"elementor-button-content-wrapper\">\n\t\t\t\t\t\t<span class=\"elementor-button-text\">Formulario<\/span>\n\t\t<\/span>\n\t\t\t\t\t<\/a>\n\t\t<\/div>\n\t\t\t\t<\/div>\n\t\t\t\t<\/div>\n\t\t\t\t\t<\/div>\n\t\t<\/div>\n\t\t\t\t\t\t\t<\/div>\n\t\t<\/section>\n\t\t\t\t\t\t<\/div>\n\t\t\t\t\t<\/div>\n\t\t","protected":false},"excerpt":{"rendered":"<p>\u00danete a nuestro privilegiado equipo de Agentes Inmobiliarios. En CENTURY 21\u00ae\u00a0nuestros Agentes entienden, al igual que nosotros, que la actividad de los bienes ra\u00edces es un estilo de vida, y no un trabajo. Siempre\u00a0comprometidos en prestar un servicio eficaz\u00a0que permita ofrecer soluciones inmobiliarias de calidad, garantizando\u00a0clientes de por vida, y, por qu\u00e9 no, amigos. CENTURY &hellip;<\/p>\n<p class=\"read-more\"> <a class=\"\" href=\"http:\/\/c21access.com.py\/index.php\/unete-a-nuestro-equipo\/\"> <span class=\"screen-reader-text\">\u00danete a nuestro equipo<\/span> Leer m\u00e1s &raquo;<\/a><\/p>\n","protected":false},"author":1,"featured_media":0,"parent":0,"menu_order":0,"comment_status":"closed","ping_status":"closed","template":"","meta":[],"_links":{"self":[{"href":"http:\/\/c21access.com.py\/index.php\/wp-json\/wp\/v2\/pages\/473"}],"collection":[{"href":"http:\/\/c21access.com.py\/index.php\/wp-json\/wp\/v2\/pages"}],"about":[{"href":"http:\/\/c21access.com.py\/index.php\/wp-json\/wp\/v2\/types\/page"}],"author":[{"embeddable":true,"href":"http:\/\/c21access.com.py\/index.php\/wp-json\/wp\/v2\/users\/1"}],"replies":[{"embeddable":true,"href":"http:\/\/c21access.com.py\/index.php\/wp-json\/wp\/v2\/comments?post=473"}],"version-history":[{"count":13,"href":"http:\/\/c21access.com.py\/index.php\/wp-json\/wp\/v2\/pages\/473\/revisions"}],"predecessor-version":[{"id":492,"href":"http:\/\/c21access.com.py\/index.php\/wp-json\/wp\/v2\/pages\/473\/revisions\/492"}],"wp:attachment":[{"href":"http:\/\/c21access.com.py\/index.php\/wp-json\/wp\/v2\/media?parent=473"}],"curies":[{"name":"wp","href":"https:\/\/api.w.org\/{rel}","templated":true}]}}